nits digit of m?
6
Let a(i) = -345*i + 11514. What is the thousands digit of a(-113)?
0
Let u = 12 - -101. Let p = u + -284. Let b = -107 - p. What is the tens digit of b?
6
Suppose -3*h - 2*h + 3*a = -11, h - 5*a = -11. Let l = -2 + h. What is the units digit of -1*(l + -1)/(-1)?
1
Let n be (100/3)/(9*2/513). Suppose 103*l - n = 98*l. What is the tens digit of l?
9
Let i(k) = -166*k**2 - 5089*k - 30. What is the hundreds digit of i(-21)?
6
Let x be 2*-4*(-59)/236. What is the tens digit of (-8762)/(-26)*x*1?
7
Let i = -4 - -8. Let u be (-90)/(-20)*-28*1/(-2). Let t = u + i. What is the units digit of t?
7
Suppose s - m - 16061 + 2030 = 0, 25*s = -2*m + 350856. What is the thousands digit of s?
4
Suppose 5*s = w - 14, -4*w + w - 2*s + 8 = 0. What is the hundreds digit of (-608)/(-38)*25/w?
1
Let s = -3527 - -5423. What is the hundreds digit of s?
8
Let c(g) be the third derivative of g**5/60 + g**4/2 + 20*g**3/3 - 16*g**2. Suppose -2*d - 20 = -4*m, -4*d - 2*m = m + 18. What is the units digit of c(d)?
4
Suppose 3*p - 11 = 4. Suppose 0 = 2*f + 3*z - 244, -z = -3*f - p*z + 368. What is the hundreds digit of f?
1
Suppose -5348 = 84*k - 120344. What is the thousands digit of k?
1
Let g = -641 + 611. What is the hundreds digit of ((-60)/(-25))/4 + (-19752)/g?
6
Let o be (-9 - -1)/(-2)*1. Let q be 3 + 218*5/10. Suppose 0 = 4*y + b - q - 22, y - o*b = 25. What is the units digit of y?
3
Let h = 176 - 178. What is the units digit of (-3)/9 + (2630/6 - h)?
0
Let y(j) = -8*j + 178. Let f be y(0). Suppose 3*c - 8 = -5. Let r = c + f. What is the hundreds digit of r?
1
Suppose 0 = -5*n - 2*w - 402, 2*w = 2*n - 58 + 230. Let o = n + 88. Suppose -213 = -5*c - p, 5*p = o*c - 10*c + 183. What is the tens digit of c?
4
Let k = -150 + 2778. Suppose x + 3*x = -5*l + k, -5*l = -20. What is the tens digit of x?
5
Suppose -195*h - 169080 + 295431 = -732819. What is the thousands digit of h?
4
Suppose -5648279 - 2464456 = 250*w - 389*w. What is the units digit of w?
5
Let s(q) be the second derivative of q**5/5 - q**4/4 - 23*q**3/6 + 47*q**2/2 - 7*q - 10. What is the units digit of s(8)?
9
Let p = 2213 - -501. Suppose o - 4804 = -5*h - 286, -o - p = -3*h. What is the hundreds digit of h?
9
Let m(l) = -l**3 + 23. What is the tens digit of m(-4)?
8
Let z = -31250 - -46303. What is the thousands digit of z?
5
Let u(v) = -643*v - 4 + 648*v + 1 - 4*v**2 - v**3. Suppose 26 = -4*o + 2*n, -5*n + 3 = -o - 8*n. What is the tens digit of u(o)?
3
What is the ten thousands digit of (5 + -1)/(-2) + 40/((-440)/(-274043))?
2
Let s(o) = 349*o + 49. What is the tens digit of s(22)?
2
Let b(i) = 7*i**3 - 4*i**2 + 1. Let q be b(3). Suppose -14 = -4*m + q. What is the units digit of m?
2
Let f = -64 - -65. Suppose -2*l + 0*h + f = -h, 4*h - 32 = -4*l. Suppose 0 = -l*g + 3*q + 183, 2*g + 5*q - 285 = -3*g. What is the tens digit of g?
5
Let g(d) be the second derivative of 14*d**3/3 + 3*d**2 - 2728*d. Let z(a) = -a**2 - 8*a - 6. Let c be z(-6). What is the tens digit of g(c)?
7
Suppose 5519 = i - 15*h, -56*h = -4*i - 57*h + 22198. What is the hundreds digit of i?
5
Let p = -1056 + 199. Let l = -765 - p. What is the units digit of l?
2
Let n(h) = 1984*h**2 - 316*h - 1279. What is the tens digit of n(-4)?
2
Let k(q) = 136*q**3 + q**2 - q - 5. What is the hundreds digit of k(2)?
0
Let g = 14 + -9. Let u = 199 - 199. Suppose 5*r = -g*h + 225, 216 = 5*h - u*h - 4*r. What is the tens digit of h?
4
Suppose -12*s = -3*s - 41292. What is the tens digit of s?
8
Let g(m) = 2899*m**3 + 2*m**2 - 2*m. Let a be g(1). Let k = -4940 + a. What is the hundreds digit of 1 - (-35)/(-45) - k/9?
2
Let o = -458 - -490. Suppose -o*q = -18010 - 32742. What is the tens digit of q?
8
Suppose 277*x + 3 = 278*x. Suppose l = 2*z - 3*l - 1066, 0 = 5*z + x*l - 2665. What is the hundreds digit of z?
5
Suppose u = 4*x + 5421, 23302 = 4*u + 5*x + 1576. What is the units digit of u?
9
Suppose -5*n = -776 - 104. Let p be 746/11 - (-32)/n. Suppose -3*f + p = -154. What is the tens digit of f?
7
Suppose 5*w - 29129 = -2*b, -15*b = -4*w - 10*b + 23323. What is the tens digit of w?
2
Let c = 5168 + -831. Suppose 6*m - c = 4447. What is the tens digit of m?
6
Let s(q) = -3*q - 78*q**2 - 9 + 8*q + 130*q**2. What is the hundreds digit of s(2)?
2
What is the thousands digit of (-21)/((-315)/52050) - 55/(-5)?
3
Let i be (5/(-10)*-434)/(1/(-7)). Let d = 2472 + i. What is the units digit of d?
3
Let r(u) = -10*u + 2. Let i be r(0). Suppose i*p - 36 = 2. What is the tens digit of p?
1
Suppose -5*f = -0*f + 5. Let b be (-1)/(-4) - f/(-4). Suppose b = -3*m + 109 + 32. What is the units digit of m?
7
Let a = 8829 - 8818. Suppose -5*y - 2*x + 3210 = 0, 2*x - 264 + 2814 = 4*y. Suppose -a*c = -16*c + y. What is the hundreds digit of c?
1
Let z(k) = 2*k**2 - 31*k + 30. Let j be z(-5). Suppose -3*p + 452 = -5*n, 104 = -n + p + 3*p. Let f = n + j. What is the hundreds digit of f?
1
Let i(z) = -z**3 + 26*z**2 + 33*z - 6. Let u be i(28). Let v = 1101 + u. What is the tens digit of v?
5
Suppose -3*q - 3*m = -27, 0 = -3*q + 2*q + m - 1. Let t(s) = 18*s**3 - 3*s**2 + 16*s - 17. What is the tens digit of t(q)?
5
Let w(q) = 838*q + 29025. What is the tens digit of w(0)?
2
Suppose 1 = h + 3*t, 10*h - t = 5*h + 21. Suppose 3338 = 3*f - a - 392, -f + h*a + 1258 = 0. What is the hundreds digit of f?
2
Let o be (2 - (-120)/(-3))*(26 + -31). Let j = o - 114. What is the units digit of j?
6
Suppose -3*k = -5*f + 20582, -6*f = -4*f + 2*k - 8236. What is the tens digit of f?
1
Suppose 0 = 2*i + 2*y - 12954, -10*y = -5*i - 12*y + 32391. What is the units digit of i?
9
What is the units digit of -29675*(424/88 + -5 + (-9)/11)?
5
Let y(j) = 2*j**2 - 89*j - 230. What is the hundreds digit of y(-26)?
4
Let f = 15756 - 708. What is the units digit of f?
8
Suppose k - 2*l - 118 = -k, 133 = 2*k + l. Let y = k + -62. Suppose -2*m + 5*d = -6 - 46, -y*d - 58 = -2*m. What is the tens digit of m?
3
Let q be (-51)/(-6)*(-14)/(-7). Suppose c = -a + 75, 20 = 13*c - q*c. What is the units digit of a?
0
Suppose -1 = 4*x - 5*a + 2, -4*x - 3*a = -21. Suppose -3*q + 655 = i, x*i + i = -5*q + 1094. What is the tens digit of q?
1
What is the tens digit of (70/(-4))/(46/576 + 4/(-36))?
6
Suppose 8*k + 17123 - 50915 = 0. What is the hundreds digit of k?
2
Suppose 3*o + 19323 = 2*p, -9630 = -p - 543*o + 540*o. What is the hundreds digit of p?
6
Suppose -4*a - 2740 = -4*i, 6*i - 4*i - 2736 = 4*a. Let p = 1158 + a. What is the hundreds digit of p?
4
Suppose o + 2 = 2*o. Let f(i) = i**3 - 11 - i**2 + 5*i - i**2 - 3*i**2 + 0*i**o. What is the units digit of f(5)?
4
Suppose -v - 4*m - 12 = 0, 2*m = -4*v + 8*v - 6. What is the units digit of -2 + (v - 4 - -709)?
3
Suppose 0 = 8*v - 24 - 8. Let q be ((-3)/(-2) + 0)*2. Suppose 0 = -v*f + q*u + 128, 3*f + u - 2*u - 96 = 0. What is the units digit of f?
2
Let h(q) = 126*q**2 - 315*q - 5185. What is the ten thousands digit of h(-16)?
3
Suppose -114*y = -113*y + 4*t - 51343, 2*y - t - 102650 = 0. What is the units digit of y?
7
Let w(p) = -113*p**3 + 86*p**2 + 17*p + 30. What is the thousands digit of w(-6)?
7
Let w(x) be the first derivative of -3*x**2/2 + 63*x - 15. Let o(b) = 2*b - 31. Let g(k) = 5*o(k) + 3*w(k). What is the tens digit of g(0)?
3
Suppose 743*b + 3*x = 748*b - 102380, -2*b + 40952 = 3*x. What is the ten thousands digit of b?
2
What is the tens digit of (-990)/(-891) + (-378340)/(-18)?
2
Let h(w) = -w**2 - 33*w - 27. Let d be h(-32). Let p(b) = 7*b**2 + 9*b - 12. What is the hundreds digit of p(d)?
2
Let m = -11318 - -19065. What is the hundreds digit of m?
7
Let p be 2 - 11/(11/(-290)). Suppose -2*n + p = 3*i + 44, i - 90 = 3*n. What is the tens digit of i - 0/(-5) - 1?
8
Let g(t) = 2*t**3 - 8*t**2 + 2*t + 2. Let p be g(5). Suppose 0 = 2*a - p + 6. What is the units digit of a?
8
Suppose -6*s + 2005 = -1205. Suppose -2*a - u + 3*u + 1046 = 0, -s = -a + 5*u. Suppose y - 11*y + a = 0. What is the units digit of y?
2
Let k(y) = 162*y**2 - 10*y - 13. What is the units digit of k(-4)?
9
Let h(x) = -x**2 + 31 - 64 + 29 - 7*x. Let a be h(-5). Let i = a + 57. What is the tens digit of i?
6
Let a be (-10)/(-30) - (8/(-3))/1. Suppose 3*b - 5 = -0*j + j, -3*j = -5*b + a. Suppose y - 4 = 0, -t = 4*t - j*y - 1229. What is the hundreds dig